d by h.
60
Let i(y) = 11*y**2 - 16*y - 40. Let w be i(13). Suppose w - 191 = 10*r. What is the remainder when r is divided by 24?
22
Suppose -4*m + 40 = -4*j, 4*j + 6 = m + 2*j. Suppose -5*t + m*t = 72. Calculate the remainder when 129/12 - 3/4 is divided by t.
2
Let v(r) = -5*r + 17. Suppose -26 = -10*j + 12*j. Let m be v(j). Suppose -m = -5*l + 4*a, -5*l + 55 = -2*a - 31. What is the remainder when 70 is divided by l?
16
Let p(w) = -36*w - 22*w - 13 + 10 - 18. What is the remainder when p(-3) is divided by 34?
17
Let o = -3577 + 5461. What is the remainder when o is divided by 172?
164
Suppose 180 = 3*m - 2*a, -1258 + 1087 = -3*m + 5*a. What is the remainder when 498 is divided by m?
2
Suppose 5*h + 27 = 286 - 54. What is the remainder when 871 is divided by h?
10
Suppose 2*n - n - 72 = 4*c, n - 36 = -5*c. What is the remainder when 33 is divided by (-2)/9 - 1/((-9)/n)?
3
Suppose 5 = 5*i, -5*f - 4*i + 6*i = 22. What is the remainder when 110 is divided by (3/(30/f))/(180/(-25200))?
54
Suppose 240 = z - 13*z. Calculate the remainder when (-660)/8*(z/(-6))/(-5) is divided by 28.
27
Let f(c) = 253*c + 9. Let m be f(3). Suppose 9*u + 3*u = m. Suppose 2*o = -6*o + u. What is the remainder when 14 is divided by o?
6
Suppose 72*q - 1272 = 80*q. Let v = q - -169. What is the remainder when (-1)/3 - (-345)/9 is divided by v?
8
Suppose 3*r = -127 + 154. Suppose 0 = 20*o - r*o - 990. What is the remainder when 627 is divided by o?
87
Suppose 18*f = 338 + 355 + 171. What is the remainder when 2735 is divided by f?
47
Let z(c) = 119*c - 705. Calculate the remainder when 750 is divided by z(6).
3
Suppose -3530*p + 3529*p = -u - 51, -5*p = 2*u - 192. Suppose 0 = 2*t - 9 - 59. What is the remainder when p is divided by t?
8
Let o = 213 + -218. Calculate the remainder when -12*o/4*23 is divided by 58.
55
Let o = 144 + -39. Suppose -12 = 2*v + 3*g - 75, 3*g + o = 5*v. Calculate the remainder when (-3)/((-63)/31 + 2) is divided by v.
21
Suppose 2*z = -33*z + 5*z + 27630. Calculate the remainder when z is divided by 44.
41
Let f(w) = -7*w - 23. Calculate the remainder when 2/6*4 + 7003/141 is divided by f(-7).
25
Let h be 0 - ((-114)/12 - 2/(-4)). Suppose 4*g - h*g + 50 = 0. Let n(b) = -b**2 + 10*b + 16. What is the remainder when 31 is divided by n(g)?
15
Suppose -317*m = -313*m - 328. Suppose 18 = -4*q + 106. What is the remainder when m is divided by q?
16
Let h(c) = 34*c + 4150. What is the remainder when h(-91) is divided by 117?
3
Let t be (-6)/36 + 634/(-12). Let k = 57 + t. Suppose 10 = -k*u + 2, 2*p + 5*u = 20. Calculate the remainder when 33 is divided by p.
3
Suppose 0 = 1387*k - 1393*k + 2352. What is the remainder when k is divided by 190?
12
Let h be ((-4)/(-8))/((25/(-130))/5). Let f(j) = j**3 + 14*j**2 + 10*j - 19. What is the remainder when 136 is divided by f(h)?
16
Suppose -12*y - 11*y = -2760. Let a = y + -53. Calculate the remainder when a is divided by 7.
4
Let w = 105 - 39. What is the remainder when w is divided by (-38)/(-114) - ((-55)/3 + (-52)/(-78))?
12
Let g be ((-175)/21)/(-5)*-54. Let y = 123 + g. Calculate the remainder when 275 is divided by y.
11
Let u(w) = -w**2 + 66*w + 692. Let y(q) = -2*q + 7. Let z be y(8). What is the remainder when u(75) is divided by (1 - 3/z)*6?
1
Let k = 5 + -4. Suppose -4*j + 5*l = -197, -12*j - 5*l + 209 = -9*j. What is the remainder when j is divided by 16 - (3 + -2*k)?
13
Suppose 0 = -304*g + 437 + 475. Suppose 0 = -4*m + 106 - 34. Let u = m - g. What is the remainder when u is divided by 11?
4
Let a(x) = 13*x**2 + 2*x**3 + 0*x**3 - 3*x**3 - 2*x + 8*x - 14. Let w(h) = h**3 + 13*h**2 - 17*h - 31. Calculate the remainder when a(13) is divided by w(-14).
9
Suppose 4*t - 3*t = 82. What is the remainder when 415 is divided by t?
5
Let w = 126 - 222. Let j = -20 - w. Let g = j + -69. Calculate the remainder when 12 is divided by g.
5
Suppose -512 = 10*s - 2*s. Let w = s + 52. Calculate the remainder when ((w/5)/((-20)/(-150)))/(-1) is divided by 6.
0
Suppose -3*a + 21 = 3*q, -3*q - 9 = -3*a + 24. Calculate the remainder when 4606 is divided by a.
7
Let l = -70 + -331. Let w = l + 439. Calculate the remainder when 56 is divided by w.
18
Suppose 0 = -5*p + 3*s + 5273, -216*s = -211*s + 5. Calculate the remainder when p is divided by 526.
2
Suppose -285*a - 663 = -324*a. What is the remainder when 2665 is divided by a?
13
Let g = 132 - 48. Calculate the remainder when 71 is divided by 270/105*g/9.
23
Let m be 19/(-38)*-12*2/(-4). Let l(w) = -13*w**3 + w. Calculate the remainder when l(m) is divided by 88.
84
Let h(t) = t**3 - 15*t**2 - 2*t + 34. Let d be h(15). Suppose 0 = 3*y - 3*a - 282, -d*y + 7*y = a + 282. What is the remainder when y is divided by 32?
30
Let p = -15785 + 16552. Calculate the remainder when p is divided by 154.
151
Let i = 19 + 17. Let z(l) = 3*l + 150. Let k be z(-49). Suppose -2*y + 412 = k*x, 3*x - 11*y + 7*y = 436. Calculate the remainder when x is divided by i.
32
Let r be -2 + 1216/6 - 13/(-39). Let c = 777 - r. What is the remainder when c is divided by 17?
15
Suppose -5*j + 5*t = -950, 0 = 12*j - 11*j + 5*t - 220. Let b = j + -150. Calculate the remainder when b is divided by 16.
13
Let n = 6 - 1. Suppose -2*p = -5*q - 687, -q - q - 279 = -n*p. Let y = q + 235. Calculate the remainder when y is divided by 34.
30
What is the remainder when 706 is divided by ((-19 - -44) + -147)/(-1 + -1)?
35
Let v(h) = 8*h + 103. Let t(z) = 12*z - 91. Let d be t(7). What is the remainder when 140 is divided by v(d)?
46
Let x(g) = -7*g**2 - 1. Suppose 4 = -0*d + 4*d. Let j be x(d). What is the remainder when 69 is divided by 6/j - (-525)/28?
15
Let u(k) = 871*k - 1763. What is the remainder when u(13) is divided by 7?
5
Suppose 623*x - 15083 = 152*x - 482. What is the remainder when 1948 is divided by x?
26
Let h be 6/((-9)/819*-7). Suppose -3*c + 5*k = -h, -c - 4*k = -2*c + 33. What is the remainder when 73 is divided by c?
10
Suppose 121*s - 5346 = 40*s. What is the remainder when 330 is divided by s?
0
Let r = -104 - -211. Let z = -195 + 253. Calculate the remainder when r is divided by z.
49
Let p be (-20)/3*-1*(-81)/(-18). Let y(n) = 8*n. What is the remainder when (208/(-20))/((-154)/p + 5) is divided by y(2)?
14
Let y = -2487 + 3317. What is the remainder when y is divided by 52?
50
Let c be (-2 - (-72)/33) + 260/22. Let h be ((-332)/c + 5)*-3*3. Let o = -144 + h. What is the remainder when o is divided by 21?
18
Let i(m) = -3*m + 51. Let x be i(7). Let z = x + -26. Calculate the remainder when 109 is divided by z.
1
Let v(m) = -401*m - 2215. Calculate the remainder when v(-23) is divided by 19.
16
Suppose 16609*j - 58947 = 16588*j. Calculate the remainder when j is divided by 134.
127
Let t be (3/2)/(-7 + 760/112). Let p(j) = -4*j**3 - 27*j**2 + 4*j - 16. Calculate the remainder when 17 is divided by p(t).
2
Suppose -9 = 3*t - 6*t. Suppose q + 6 = 6*q - t*n, n + 2 = 0. Suppose q*b + 6 = b. Calculate the remainder when 11 is divided by b.
5
Suppose -77 + 9 = -b. Suppose 3122*y - 3044*y - 1248 = 0. Calculate the remainder when b is divided by y.
4
Let g be (1 + -25)*(2 + 5/(-2)). What is the remainder when 0 + 3*-2*(-242)/g is divided by 31?
28
Suppose 0 = -m + 22 + 8. Suppose -5*i = -3*w + 5*w - m, 0 = 4*i + 2*w - 26. Suppose 103 + 1 = i*g. Calculate the remainder when 101 is divided by g.
23
Suppose 0 = -8*w + 17 + 103. Suppose -24 = -2*y + 4*b, -3*y - 5*b + w = 2*y. Let c = y - 1. Calculate the remainder when 14 is divided by c.
4
Suppose -f + 10 = -4*m, 0*m + 6 = -2*m. Calculate the remainder when (-51)/2*f/3 is divided by ((-12)/8 + 3)*72/27.
1
Let s(m) = 2*m**2 + 176*m + 628. Calculate the remainder when s(-111) is divided by 70.
64
Suppose -2*o = -10, 3*n - 4*o + 618 = 2953. What is the remainder when n is divided by 113?
107
Let i = 1878 + -1806. Calculate the remainder when 352 is divided by i.
64
Suppose -2*s + 446 = 194. What is the remainder when 69 is divided by -1 + -3 - s/(-9)?
9
Let f(c) = 190*c + 7*c**2 + 49 - 28*c**2 + 16*c**2 + 10*c**2. What is the remainder when f(-38) is divided by (12/20)/((-1)/(-5))?
1
Suppose 0 = 1589*x - 1576*x - 78. Calculate the remainder when 466 is divided by x.
4
Suppose 0 = -k + d + 2, 1 + 3 = -3*k - 2*d. Suppose -20 + k = -2*m. Suppose 